 of 3 and d?
3
Let f = 63 + -61. Suppose 0 = -2*t + 26 + f. Calculate the greatest common factor of t and 42.
14
Let t(o) = 6*o - 3. Let j(v) = -v**3 - 4*v**2 - 3*v. Let f be j(-3). Suppose f*p - p + 3 = 0. Let i be t(p). Calculate the greatest common factor of 135 and i.
15
Let p(c) = -3 - 1 - c + 0 + c**2 + 7. Let k be p(-2). What is the highest common divisor of 3 and k?
3
Let f = 12 + -9. Let z(t) = -10*t + 2. Let h be z(-1). What is the highest common divisor of h and f?
3
Let u = 102 + -39. Suppose a - 45 = u. Calculate the greatest common factor of 12 and a.
12
Suppose -3*l = 4*l - 14. Suppose 7 - 15 = l*h. Let q(g) = g**3 + 6*g**2 + g - 8. Let m be q(h). Calculate the highest common factor of m and 8.
4
Suppose 5*c - 16 = -4*q, 4*c + 2*q - 8 = 2*c. Let i be 45 - 3/(-6)*c. Let y be 3525/i - 4/3. What is the greatest common factor of 7 and y?
7
Let d = -939 - -954. What is the greatest common factor of d and 915?
15
Suppose l - 4*f - 82 = -8*f, 5*l - 5*f - 310 = 0. What is the highest common divisor of l and 165?
33
Suppose 23*c - 28*c = 5*k - 25, -2*k - 30 = -3*c. Calculate the highest common factor of c and 20.
4
Suppose -5*p = 46 + 4. Let v = p + 14. Suppose m + m + q = 36, v*m - 72 = q. What is the highest common divisor of m and 126?
18
Let b = -2 - -7. Suppose 3 = -2*d - b*p - 9, -4*d + 32 = -4*p. Suppose -d*a + w + 1 = 0, -5*a = -w + 1 - 3. Calculate the highest common divisor of 9 and a.
1
Let x(r) = -6*r**3 - 2*r**2 - r - 2. Let a be x(-2). Suppose -3*z + 126 = -174. Calculate the greatest common divisor of a and z.
20
Let s(t) = -73*t - 213. Let a be s(-6). What is the highest common factor of a and 171?
9
Let i be (-688)/(-7) + (-4)/14. Let u = -70 + i. Suppose 4*l + 3*r = 11, 4*l + l = r + u. Calculate the highest common divisor of 5 and l.
5
Suppose 3*u + 2 = f, -3*u + 4*f = -0*u - 1. Let k be ((-2)/(-4) + u)/((-7)/168). What is the greatest common divisor of k and 30?
6
Suppose 5*k = 3*v - 255, -211 = -2*v + 5*k - 46. Let z = 32 - 22. What is the greatest common divisor of v and z?
10
Let u = 203 + -195. What is the greatest common divisor of 136 and u?
8
Suppose -71 = -3*u + 4. Suppose -20*m - 210 = -u*m. What is the greatest common divisor of 70 and m?
14
Let c(f) be the second derivative of f**3 - 11*f**2 + f. Let v be c(12). Let y be -3 + 8/(-3)*-3. What is the greatest common divisor of y and v?
5
Let s be (4 + -3)/(1/(-14)) + -4. Let t be (-42)/(-8) - s/24. Calculate the highest common factor of t and 2.
2
Let k(n) = -2*n**3 - 10*n**2 - 20*n - 4. Let q be k(-4). Calculate the greatest common divisor of 33 and q.
11
Suppose -5*x + 4*w = 61 + 70, 5*w + 59 = -2*x. Let r = -25 - x. Suppose 0 = m + r, 0 = -2*v - 2*m + 5*m + 270. Calculate the highest common divisor of v and 12.
12
Let i(n) = -n**3 + 9*n**2 + 18*n - 77. Let w be i(10). Calculate the greatest common divisor of w and 59.
1
Let d(k) = 7*k - 1. Let i(s) = -6*s + 2. Let q(c) = 3*d(c) + 2*i(c). Let w be q(3). What is the highest common divisor of w and 168?
28
Let m be ((-516)/43)/(69/(-60) + 1). Calculate the highest common divisor of 380 and m.
20
Let n be 336 + 1/2*0. What is the highest common divisor of 21 and n?
21
Let m = 8 + 42. Suppose -2*p - 2*d + 178 = 0, -3*p + d - m = -313. Let f be -1 + (-13)/(13/(-12)). What is the highest common divisor of f and p?
11
Let g be -1*1 + (-9 - -14). Let v(f) = 9*f - 29. Let x be v(g). What is the greatest common factor of x and 77?
7
Suppose 0*b - 2*b = 4*p - 670, 0 = -3*p + 9. Suppose l - b = -98. Calculate the highest common factor of l and 21.
21
Suppose 0 = 3*c - 4*h - 102, -2*c + 4*c - 79 = -h. Calculate the greatest common divisor of 342 and c.
38
Let g be 0/(11 + -2) - (-256)/1. What is the greatest common factor of 48 and g?
16
Suppose -38 + 170 = 6*h. What is the highest common factor of 176 and h?
22
Suppose 0 = 7*q - 0*q - 252. What is the highest common divisor of q and 4?
4
Let k be 5/(-20) - (-2715)/40*14. Calculate the highest common factor of 100 and k.
50
Suppose k + 77 = 6*k + 3*u, 0 = k + 4*u - 29. Calculate the greatest common factor of 559 and k.
13
Let o(h) = 10*h - 210. Let a be o(21). Let m = 49 - 27. Suppose a*n + n = m. What is the greatest common factor of 198 and n?
22
Let p be 2/((-24)/(-150)*10/4). Suppose -8*t = -12*t + 160. What is the highest common divisor of t and p?
5
Suppose 7*v - 4*v = 165. Let a = 78 - v. Let x = -476 - -683. What is the greatest common divisor of a and x?
23
Let d(m) = -12*m - 3*m + m - 4*m. Let o be d(-1). Let l = -40 - -85. Calculate the highest common factor of o and l.
9
Suppose -k - 75 + 85 = 0. What is the highest common divisor of k and 130?
10
Suppose -4*y + 161 - 217 = 0. Suppose -4*o + 40 - 4 = 0. Let w be (o - 5) + (-1 - y). What is the highest common divisor of 119 and w?
17
Let o(h) = 3*h - 17. Let m(w) = 4*w - 17. Let y be m(7). Let j be o(y). What is the greatest common divisor of 144 and j?
16
Let g = -84 + 153. Suppose -5*p + 4*u - g = 0, -5*p + 5*u = 3*u + 67. Let d(y) = -6*y - 12. Let c be d(p). What is the greatest common factor of 22 and c?
22
Let n(z) = 4*z**2 + 2*z + 2. Let v be n(2). Suppose 5*p + 67 = 7. Let q(h) = -5*h - 5. Let s be q(p). Calculate the highest common factor of v and s.
11
Let b(a) = -2*a - 10. Let n be b(7). Let m be n*1*(-12)/8. Let c be 7 + (-12)/3 + 1. What is the highest common factor of m and c?
4
Let v be 3 + 38 + 6 + -8. What is the greatest common divisor of 832 and v?
13
Suppose 0 = -4*t + 2*c - 0*c + 246, -3*t = 4*c - 201. Suppose 2*q + q = t. Calculate the highest common divisor of q and 168.
21
Suppose 3*o + 57 = 4*z, 3*z - 21 = -0*o - 5*o. What is the greatest common divisor of 6 and z?
6
Suppose -5*i = 13*s - 17*s + 247, 2*s = 3*i + 121. Calculate the greatest common divisor of 34 and s.
34
Suppose 5*r + 24 = 8*r. Suppose r*n = 13*n - 165. What is the greatest common factor of n and 88?
11
Suppose 7*m - 253 = 335. Let v = 37 - 2. Let d = v - 21. Calculate the greatest common divisor of d and m.
14
Let k = -20 - -20. Let x be k + 4 + (0 - 0). Suppose 43 = 5*w - 3*l, 7 = w + x*l - 5*l. Calculate the greatest common factor of w and 44.
11
Let f = -219 - -375. Calculate the greatest common divisor of 48 and f.
12
Suppose 75*d - 71*d - 1400 = 0. Calculate the greatest common factor of d and 112.
14
Let j(b) = -b**3 - 10*b**2 - 31*b - 20. Let h be j(-5). What is the highest common divisor of h and 18?
2
Suppose 4*v - 169 = -0*v + 5*f, -4*v + f = -149. Calculate the highest common divisor of v and 72.
36
Suppose -6*l - 12*l = -3834. Suppose l = 3*k + 147. Let g be 109 + 1 - (0 - 0). What is the highest common factor of k and g?
22
Let r be (36/10)/(-2*5/(-75)). Calculate the greatest common factor of r and 216.
27
Let w(s) = -s**2 - s. Let p(f) = f**3 - f**2 - f - 11. Let o(g) = -p(g) + 2*w(g). Let z be o(0). What is the greatest common factor of z and 88?
11
Let i = -5 - -7. Suppose 0 = 5*s - y + 5*y - 180, s - 42 = -i*y. Suppose 0*o - 4*x - 80 = -5*o, 2*x - s = -2*o. What is the highest common factor of 40 and o?
8
Let m(v) = -v**2 - 4. Let b be m(7). Let d = 32 + b. Let k be d/2*(-7 - -3). Calculate the highest common factor of k and 14.
14
Suppose 3*s + 3945 = 5*k, 617 = 4*k - 4*s - 2531. Calculate the greatest common factor of 16 and k.
8
Let n(d) = -10*d**2 + 6*d - 7. Let i be n(2). Let p = 25 + i. Let q = 23 + p. What is the highest common divisor of 117 and q?
13
Let i(x) = 46*x**2 - 13*x + 13. Let j be i(7). Calculate the highest common factor of 68 and j.
68
Let c(j) = -j**2 - 11*j - 12. Let r be c(-10). Let v(t) = -49*t - 2. Let b be v(r). Suppose 10*m = 14*m - b. What is the greatest common divisor of m and 3?
3
Let l be (-2 - (0 + 0)) + (9 - 1). What is the greatest common factor of 45 and l?
3
Suppose -q = -c + 3*c - 18, -4*c - 7*q + 26 = 0. Calculate the highest common factor of 135 and c.
5
Let h = -1 + 26. Suppose k - 96 = x - 2*k, 0 = -x + k - 98. Let s = -49 - x. What is the highest common divisor of h and s?
25
Let g(b) = 18*b + 708. Let c be g(-24). What is the highest common factor of c and 115?
23
Let k(y) = -3*y + 4. Let n be k(-4). Suppose 6*u + 121 = 889. Calculate the highest common factor of n and u.
16
Let d(s) = s**3 + 9*s**2 - 11*s + 8. Let a be d(-10). Suppose -5*h = 3*v - 38,